culate the greatest common divisor of 104 and w.
13
Let g be 4 - 4 - 28/(-4). Let j(d) = d + 5. Let k be j(g). What is the greatest common factor of k and 48?
12
Let k(j) = 53*j + 3. Let s be k(7). What is the greatest common factor of 34 and s?
34
Let q be ((-16)/(-20))/(2/5). Suppose 4*g + 48 = 5*i, -i - 3*i + 54 = q*g. What is the greatest common factor of i and 36?
12
Suppose -j + 32 = 7*j. What is the greatest common divisor of 28 and j?
4
Suppose 5*q = -t + 72, 0*q + 3*t = q - 24. Let d be 46/8 + 5/20. Calculate the greatest common divisor of q and d.
3
Let t(x) = 4*x + 6. Suppose -5*g - 3 = -6*g. Let f be t(g). What is the greatest common divisor of 144 and f?
18
Let w(j) = 3*j**2 - 2*j + 2. Let n be w(-3). Let f = -9 + n. Let p = f + -11. Calculate the greatest common factor of 105 and p.
15
Suppose 5*b - 10*b = -900. Calculate the highest common divisor of 45 and b.
45
Suppose -2*v - 1 = -3. Suppose -27 + v = -2*g. What is the highest common divisor of g and 26?
13
Let r be (-4)/(-14) - 496/(-28). Suppose p = -3*p. Suppose p = 4*c - 12, 3*d = c - 0*c + 3. What is the highest common divisor of r and d?
2
Let m be 5*5/(50/(-4)). Let i be (m + 41)*(-2)/(-6). Calculate the highest common divisor of 143 and i.
13
Let t be 18/(3*1/3). Let i = 11 - 5. What is the greatest common divisor of i and t?
6
Let c(l) = -3*l**3 - 5*l**2 - l + 16. Let z be c(-4). Calculate the highest common divisor of z and 33.
33
Let y(w) = -8*w + 36. Let b be y(-4). Calculate the greatest common divisor of b and 102.
34
Let g(k) = -2*k - 8. Let b be g(-6). Let f be b/(-8)*(-52)/2. Suppose -l - 2 = 5*p, -3*p = -0*l + l - 4. Calculate the highest common divisor of l and f.
13
Suppose -3*b + 2*z = -2*z - 58, 0 = -5*b - 4*z + 150. Calculate the greatest common divisor of b and 26.
26
Suppose 48 = -5*s + 208. Calculate the highest common factor of s and 8.
8
Let g(z) = z + 1. Let v be g(2). Suppose v*b + 370 = 5*i, 5*i + 2*b = b + 390. What is the highest common factor of 7 and i?
7
Let b be 4/(-1) + 6/(-3). Let g(w) be the first derivative of 2*w**3/3 + 4*w**2 + 9*w + 1. Let z be g(b). What is the greatest common factor of 11 and z?
11
Suppose -4*x + 2*k + 71 = -3*k, x - 5*k = 29. Suppose 2*s - 22 = 48. Calculate the greatest common divisor of x and s.
7
Suppose 53 = 2*q - 55. Let s(d) = -d**2 - 8*d - 6. Let l be s(-6). What is the greatest common divisor of l and q?
6
Let a(i) = -i**3 + 9*i**2 + 14*i - 5. Let b be a(10). Let m = 17 - 10. What is the highest common factor of b and m?
7
Let v be 12 + 0/(4 - 2). Let f(c) be the first derivative of 3*c**2/2 + c + 1. Let x be f(1). Calculate the greatest common divisor of x and v.
4
Let d(s) = 7*s - 2. Let k be d(8). Suppose 6*g - t - k = 2*g, 3*t - 62 = -4*g. What is the greatest common divisor of g and 42?
14
Let a be ((-12)/(-4))/(1 + 0). Let m(c) = -c**3 + 3*c**2 + 3*c. Let s be m(a). Let h be 13/(-26) - (-145)/2. Calculate the highest common divisor of s and h.
9
Let b = -99 + 174. Let h be 39/(-65) + 104/(-10). Let o = h - -26. What is the greatest common factor of o and b?
15
Let y(t) = -688*t**2 + t - 1. Let q be y(1). Let c be 6/10 - q/20. Calculate the greatest common factor of 14 and c.
7
Let j(f) = f**3 + 7*f**2 - 3*f - 5. Suppose 5*b = -2*g - 37, -b - 15 = 5*g - 3. Let w be j(b). What is the highest common divisor of w and 4?
4
Let j be 3 + (30 - (0 + -3)). Suppose -2*u + u = -j. What is the highest common divisor of u and 9?
9
Let q(v) = v - 2. Let t be q(2). Suppose -d = -t*d - 20. Let n = -75 + 115. Calculate the highest common factor of d and n.
20
Let l be 18/15*180/8. Calculate the highest common factor of 36 and l.
9
Let r(z) = z**2 + 16*z - 33. Let p be r(-19). What is the greatest common factor of p and 16?
8
Let z = -97 + 187. Calculate the highest common divisor of z and 10.
10
Let v(d) = 8*d**2 + 5*d. Let f be v(-4). What is the greatest common factor of 72 and f?
36
Suppose 5*t - 356 = x, 0 = 4*x - x - 12. Calculate the greatest common factor of t and 8.
8
Suppose -2*m = -3*m - 9. Let v(r) = -11*r + 6. Let g be v(m). Let q = 15 - -6. Calculate the highest common divisor of q and g.
21
Suppose -14 = -4*w + 2*w. Let q(a) = a**2 - 3*a - 7. Let h be q(w). What is the highest common divisor of 21 and h?
21
Suppose -2*j = -8, 5*j = -c - 3*c + 92. Let t be 2/8 - (-2584)/32. Suppose y - t = -2*y. Calculate the greatest common factor of c and y.
9
Suppose 2*q - 14 = -2*a, 2*a + 21 = 5*q - 0*a. Let u be (-4)/q*1890/(-12). What is the greatest common factor of 18 and u?
18
Suppose 0 = -6*c + 11*c - 3*z - 4, 4*z = -5*c + 18. Calculate the highest common factor of c and 4.
2
Let y be (39 - -1)*3/4. Let f = y - 13. What is the greatest common divisor of f and 34?
17
Let w be 1/((-6)/3)*0. Suppose u + u = 0. Suppose 3*v + x - 147 = u, w = 4*v - 2*x - 26 - 160. What is the highest common divisor of v and 16?
16
Let a be (-1)/6 + 211/6. Calculate the greatest common divisor of a and 280.
35
Let p be 3 - (24 + -2)*-14. Let y = -221 + p. Calculate the greatest common divisor of 10 and y.
10
Let v be 55/(-15)*(-9)/3. Let y(m) = -m**2 - m + 2. Let r be y(-3). Let a(w) = 7*w**2 + 3*w - 1. Let u be a(r). What is the greatest common divisor of u and v?
11
Let n = -227 - -479. What is the greatest common factor of 36 and n?
36
Let d(l) = l**2 - l + 1. Let f be d(0). Let s be (-79)/(-5) - f/(-5). Calculate the highest common factor of s and 2.
2
Let g be ((-2)/(-3))/((-4)/(-18)). Suppose 5*v + r - 39 = g, 3 = -r. Let o = 34 - v. Calculate the greatest common divisor of o and 5.
5
Let r(u) = 3*u + 3. Let q be r(-3). Let z = q - -38. Suppose 2*y + 2*m - 1 + 3 = 0, 22 = 3*y - 2*m. Calculate the greatest common factor of z and y.
4
Let a be 6/(-4) + (-21)/(-6). Suppose 2*v = -a*v + 104. Suppose 2*f = -7*s + 2*s + 83, 4*s + 35 = f. What is the greatest common divisor of v and f?
13
Suppose d = 2*c - 15, 5*c + 5*d + 37 - 112 = 0. Suppose c = 4*o + o. Suppose t = o*x + 88, 3*x - x = 10. Calculate the highest common divisor of t and 14.
14
Let t(j) = -j + 1. Let i be t(-1). Suppose 181 = 5*w - 664. Suppose -2*l + i*y = -y - w, l - y = 83. What is the highest common divisor of 16 and l?
16
Let z(q) = 3*q**2 + 3*q - 12. Let k be z(-4). Calculate the highest common divisor of k and 36.
12
Suppose 0 = 2*l - 4, 4*k - 59 - 103 = 3*l. Let i be 75 + (-5 - (-3 + 1)). Let o = i - 44. What is the greatest common factor of o and k?
14
Let n(a) = a**2 - 7*a - 2. Let u be n(7). Let m be 1 - (2 - 3) - u. Suppose -4*k = -12 + 4. What is the highest common factor of m and k?
2
Suppose 0 = -k - 3*k + 104. What is the greatest common factor of k and 39?
13
Suppose -247 = -14*o + 243. Calculate the highest common factor of o and 7.
7
Suppose b = 2*a + 3*a - 6, a = -b + 6. Suppose 0*x = a*x - 42. Let m be x - 2/6*3. What is the greatest common divisor of 4 and m?
4
Suppose 157 = 7*f + 87. Suppose 5*w - 320 = 230. What is the greatest common factor of f and w?
10
Let l = 40 - -32. Calculate the greatest common factor of l and 8.
8
Suppose 4*l - 4*q - 288 = l, -512 = -5*l - 4*q. What is the highest common divisor of 25 and l?
25
Let g = 17 + -12. Let t(r) = -r**2 + 3*r + 15. Let u be t(g). What is the greatest common divisor of u and 35?
5
Suppose 20*n - 12*n = 240. Suppose z - 24 = -3*z. What is the highest common divisor of n and z?
6
Let i(c) = 2*c**3 - 8*c**2 + 3*c + 1. Let u be i(5). Let v(b) = -b**3 - 8*b**2 - 8*b - 1. Let r be v(-7). What is the greatest common factor of r and u?
6
Suppose 3*c = -k + 163, 0 = -c + 4*c - 4*k - 188. Calculate the greatest common divisor of c and 7.
7
Let b(p) = -p**2 + 22. Let u be b(0). Calculate the highest common divisor of u and 198.
22
Let m be 1 - -3 - (2 - 18)/2. What is the greatest common factor of 30 and m?
6
Let t(f) = -f**3 + 8*f**2 + 6*f + 14. Let y be t(8). Calculate the greatest common factor of 155 and y.
31
Let p be ((-8)/4)/2 + 3. Calculate the highest common factor of p and 1.
1
Let g(s) = 7*s**2 - 5*s + 4. Let y be g(3). What is the greatest common factor of 26 and y?
26
Suppose 8*q = -6 + 14. What is the greatest common factor of q and 1?
1
Let p be 3 - (2 - 70)/4. Let i = -8 + p. Calculate the greatest common divisor of i and 30.
6
Let k be (7/2)/((-11)/(-88)). Calculate the greatest comm